hat is c(31)?
-4
Let z(q) = -q**3 - 11*q**2 - 8*q + 30. What is z(-10)?
10
Let b(j) = -j**2 + j + 2. Give b(3).
-4
Let o(m) = m**2 + 13*m - 9. Give o(-13).
-9
Let t(c) = -46*c + 49. What is t(2)?
-43
Let v(c) = -c - 16. Calculate v(-8).
-8
Let a(b) = -2*b**2 + 24*b - 15. Calculate a(10).
25
Let l(m) = m**2 + 36*m - 142. Give l(-39).
-25
Let h(f) = f**2 + 7*f - 11. Give h(-7).
-11
Let d(q) = 3*q**2 + 22*q - 14. What is d(-8)?
2
Let g(v) = 19*v - 161. What is g(7)?
-28
Let p(b) = 9*b - 19. What is p(3)?
8
Let d(o) = -o**3 + 11*o**2 - 24*o - 2. Calculate d(7).
26
Let n(u) = 4*u - 1. Calculate n(-1).
-5
Let a(d) = d**2 + 2*d - 198. Calculate a(13).
-3
Let w(b) = -b**3 - 7*b**2 + 2*b + 4. Calculate w(-7).
-10
Let m(v) = v**2 - 2*v + 3. Determine m(5).
18
Let n(q) = q**3 + 6*q**2 + q - 1. Give n(-3).
23
Let q(v) = -v**2 + 17*v + 38. Calculate q(-2).
0
Let s(v) = -v**3 - 59*v**2 + 67*v + 422. Calculate s(-60).
2
Let f(t) = -2*t**2 - 38*t - 73. What is f(-17)?
-5
Let p(u) = -3*u**3 + u**2 - u - 1. Determine p(-1).
4
Let v(p) = p**3 + p**2 + 10*p + 26. Calculate v(-2).
2
Let q(s) = -98*s + 789. What is q(8)?
5
Let f(d) = d**3 + 10*d**2 - 25*d - 4. Give f(-12).
8
Let o(y) = y**2 + 4*y - 3. Give o(4).
29
Let w(y) = -y**2 + 15*y - 14. Give w(13).
12
Let f(r) = -r**3 + 8*r**2 - 5*r - 9. What is f(7)?
5
Let c(o) = -9*o - 81. Give c(-9).
0
Let v(d) = d**2 - 14*d - 16. Calculate v(11).
-49
Let g(r) = r - 9. What is g(1)?
-8
Let n(q) = -2*q - 89. Give n(-42).
-5
Let v(s) = 16*s - 77. Give v(5).
3
Let r(y) = y**3 - 2*y**2 - 15*y + 30. Give r(4).
2
Let n(j) = 2*j**3 + 2*j - 4. What is n(-2)?
-24
Let k(i) = 21*i + 94. Determine k(-3).
31
Let h(i) = -14*i - 27. Determine h(-4).
29
Let o(b) = 11*b + 21. Calculate o(9).
120
Let k(o) = -o**3 - 18*o**2 + 14*o - 14. Calculate k(-19).
81
Let r(f) = 8*f + 18. Determine r(5).
58
Let i(o) = -o**3 + 8*o**2 - 9*o + 11. Determine i(7).
-3
Let r(u) = -3*u + 23. Give r(8).
-1
Let u(d) = d**2 + 23*d + 28. Determine u(-21).
-14
Let l(w) = -w**3 + 4*w**2 + 10*w - 11. Determine l(6).
-23
Let p(t) = -t - 11. Determine p(-6).
-5
Let a(o) = -6*o + 73. Give a(15).
-17
Let l(k) = 3*k**3 - 21*k**2 - 5*k + 11. Give l(7).
-24
Let h(f) = f**3 - 29*f**2 + 56*f - 57. Determine h(27).
-3
Let q(g) = g**3 + 20*g**2 + 18*g - 14. Calculate q(-19).
5
Let d(u) = -u + 43. Determine d(15).
28
Let n(v) = -v**3 + 5*v**2 - 7*v + 8. Calculate n(4).
-4
Let l(x) = 3*x**2 + 5*x. What is l(-2)?
2
Let d(m) = 2*m + 8. Give d(7).
22
Let l(g) = 6*g**2 + 2*g + 1. Determine l(-1).
5
Let w(b) = b**3 - 3*b**2 + 9. Give w(0).
9
Let o(a) = a**3 + 3*a**2 - 30*a - 15. Give o(-7).
-1
Let a(l) = 8*l + 18. Give a(-3).
-6
Let g(s) = -s**3 + 23*s**2 + 862*s - 92. Give g(43).
-6
Let n(k) = k**2 - 2*k - 4. Determine n(0).
-4
Let i(f) = f - 39. Calculate i(0).
-39
Let u(m) = -4*m. Calculate u(-4).
16
Let d(a) = -a**2 - 5*a - 6. Determine d(-5).
-6
Let i(z) = -5*z + 46. What is i(9)?
1
Let y(f) = -5*f**2 - 5*f + 8. Calculate y(2).
-22
Let w(t) = t + 8. Give w(-8).
0
Let z(p) = -11*p + 43. Give z(4).
-1
Let r(h) = h - 18. What is r(-20)?
-38
Let h(k) = k**2 - 23*k + 37. Calculate h(20).
-23
Let r(s) = -10*s - 75. Determine r(-8).
5
Let q(f) = -f + 2. Calculate q(-7).
9
Let h(c) = 14*c - 92. Give h(7).
6
Let t(q) = -6*q + 74. Calculate t(13).
-4
Let t(h) = -8*h - 50. What is t(-8)?
14
Let h(b) = 10*b - 7. Determine h(5).
43
Let n(b) = -b**2 + 8*b + 1. Determine n(6).
13
Let n(p) = p - 6. What is n(0)?
-6
Let t(i) = -i**3 + 3*i + 6. Determine t(0).
6
Let j(r) = -r**3 + 5*r**2 - 10*r + 4. Give j(7).
-164
Let p(g) = g + 6. Give p(6).
12
Let z(x) = -x**3 - 31*x**2 + x + 34. Calculate z(-31).
3
Let g(t) = -16*t + 44. Calculate g(3).
-4
Let m(k) = -5*k + 5. Determine m(-7).
40
Let p(m) = 7*m - 14. Give p(3).
7
Let v(d) = 9*d - 159. Give v(19).
12
Let z(q) = q**2 - 11*q + 18. Determine z(9).
0
Let h(t) = 15*t**2 - 15*t + 4. Give h(2).
34
Let b(r) = r + 26. Give b(-16).
10
Let s(j) = 14*j - 104. What is s(8)?
8
Let n(p) = -4*p**2 - 10*p - 5. Calculate n(-3).
-11
Let a(f) = -11*f - 23. Determine a(-5).
32
Let x(d) = -d**2 + 19*d - 21. What is x(17)?
13
Let f(r) = -r**3 - 7*r**2 - 11*r - 6. Give f(-5).
-1
Let m(n) = n**2 - 7*n - 32. Determine m(10).
-2
Let f(u) = -u**2 - 6*u - 9. Give f(-2).
-1
Let q(n) = 5*n - 33. Determine q(6).
-3
Let b(u) = 2*u**3 + u**2 - u + 7. Give b(0).
7
Let a(r) = -r**3 - 5*r**2 - 3*r + 1. Calculate a(-3).
-8
Let y(c) = 3*c - 89. What is y(30)?
1
Let n(g) = -g. Determine n(0).
0
Let k(f) = 5*f - 13. Calculate k(3).
2
Let y(j) = -j**3 - 5*j**2 + 4*j - 11. Determine y(-4).
-43
Let w(k) = -3*k + 14. Give w(5).
-1
Let o(v) = 10*v + 7. Determine o(-7).
-63
Let g(k) = 2*k**2 - 3*k - 2. Determine g(-1).
3
Let c(z) = -z**2 + 10*z - 5. Give c(9).
4
Let r(m) = -m - 22. Determine r(11).
-33
Let z(x) = x**3 + 6*x**2 - 11*x - 23. Calculate z(-7).
5
Let n(t) = 10*t + 35. Determine n(-4).
-5
Let d(x) = -11*x + 12. Determine d(4).
-32
Let u(v) = -v**2 + 15*v - 21. What is u(13)?
5
Let u(a) = 2*a**2 + 9*a + 8. Determine u(-1).
1
Let z(i) = i**2 - 11*i + 10. Calculate z(7).
-18
Let i(o) = -4*o + 76. Determine i(14).
20
Let k(s) = -s**2 - 13*s - 3. Determine k(-9).
33
Let i(v) = v**3 - 19*v**2 - 20*v - 7. Give i(20).
-7
Let g(w) = -4*w - 5. Give g(-3).
7
Let n(q) = q**2 - 18*q - 40. Calculate n(20).
0
Let i(w) = w**3 + 16*w**2 - 17*w + 13. What is i(-17)?
13
Let m(v) = 13*v + 2. Calculate m(-2).
-24
Let v(a) = -a**2 + 11*a - 12. Determine v(10).
-2
Let d(j) = -j**3 + 2. Give d(4).
-62
Let b(w) = -w**3 - 15*w**2 + 35*w + 15. What is b(-17)?
-2
Let v(j) = j**3 - 49*j**2 - 104*j + 99. What is v(51)?
-3
Let z(y) = -y - 2. Determine z(-5).
3
Let r(p) = -p**2 + 7*p + 25. Calculate r(9).
7
Let x(c) = -c**3 + 28*c**2 - 32*c - 55. Determine x(27).
-190
Let w(j) = -51*j**3 + 9*j - 9. Give w(1).
-51
Let f(n) = n - 1. What is f(2)?
1
Let b(a) = -11*a - 3. Determine b(-2).
19
Let t(k) = k**3 - 6*k**2 - 1. What is t(3)?
-28
Let d(c) = -3*c**2 + c + 25. Determine d(-4).
-27
Let z(s) = 12*s**2 - s + 1. What is z(1)?
12
Let n(t) = t + 4. Determine n(-7).
-3
Let p(f) = 2*f**2 + 40*f + 38. Calculate p(-19).
0
Let s(t) = -3*t**2 - 12*t. Give s(-5).
-15
Let a(d) = d**3 + 10*d**2 + 7*d - 2. Calculate a(-9).
16
Let l(d) = d + 4. What is l(6)?
10
Let m(a) = -a**3 + 10*a**2 + 8*a + 23. Determine m(11).
-10
Let k(u) = 26*u**2 - 1. Calculate k(1).
25
Let g(w) = w**2 - 29*w + 6. Give g(28).
-22
Let r(b) = b**3 - 24*b**2 - 3*b + 70. Give r(24).
-2
Let z(a) = -a**2 + 66*a - 195. What is z(63)?
-6
Let x(p) = -p**2 - 8*p - 13. Determine x(-7).
-6
Let i(h) = 82*h + 9. What is i(1)?
91
Let r(j) = j**2 - 4*j - 2. What is r(5)?
3
Let i(z) = -2*z - 11. Determine i(-8).
5
Let k(u) = -u**2 - 3*u + 1. Give k(4).
-27
Let c(r) = -8*r - 36. Determine c(-4).
-4
Let y(k) = -k**2 + 10*k + 15. Give y(12).
-9
Let y(p) = -4*p**2 - 43*p. Give y(-11).
-11
Let c(j) = j**3 - 9*j**2 + 8*j - 8. Determine c(7).
-50
Let v(b) = -b**2 - 10*b - 23. Calculate v(-6).
1
Let k(y) = -144*y**3 + 2*y**2 - y. What is k(1)?
-143
Let g(r) = r**3 + 3*r**2 - 5*r + 17. What is g(-5)?
-8
Let q(m) = -19*m + 26. Determine q(5).
-69
Let m(q) = -3*q**2 - 4*q - 2. Give m(-3).
-17
Let z(m) = m**3 + 19*m**2 + 2*m - 282. What is z(-18)?
6
Let b(d) = -d**2 - 3*d + 2. Determine b(-7).
-26
Let j(z) = -z**3 + 14*z**2 + 51*z + 4. What is j(17)?
4
Let s(p) = p**3 - 7*p**2 + 1. Give s(7).
1
Let i(k) = -k**2 - 51*k + 88. What is i(-53)?
-18
Let j(w) = 3*w + 60. Calculate j(-18).
6
Let y(w) = 3*w - 13. Give y(11).
20
Let h(g) = -55*g - 2. What is h(1)?
-57
Let r(j) = -j**2 - 10*j + 6. Give r(-11).
-5
Let f(k) = 4*k**2 - 195*k + 140. Determine f(48).
-4
Let v(g) = -g**2 - 23*g - 114. Give v(-10).
16
Let f(q) = q**2 + 8*q - 13. Give f(-10).
7
Let i(v) = -v**3 + 9*v**2 - 7*v + 2. Determine i(8).
10
Let s(k) = k**2 - 9*k + 6. Give s(7).
-8
Let a(s) = 12*s + 1. Give a(-1).
-11
Let n(j) = -j**2 + 7*j - 8. Determine n(4).
4
Let g(a) = -a**2 - 8*a - 14. Give g(-7).
-7
Let u(f) = f**2 + 11*f + 16. Calculate u(-10).
6
Let y(n) = 2*n - 20. Determine y(16).
12
Let d(c) = -12*c + 8. What is d(4)?
-40
Let a(l) = 7*l**2 + 1. Give a(-1).
8
Let l(i) = 5*i**3 - i**2 + 4*i - 2. Determine l(1).
6
Let s(d) = -d**2 + 5*d + 20. Give s(7).
6
Let o(s) = -s**3 - 3*s**2 - 5*s - 4. Give o(-3).
1